ommon divisor of 2869 and x.
19
Let q be 4 + (202 - 18 - (1 - 0)). Let j = 199 - q. Let x = 76 - -56. What is the highest common divisor of x and j?
12
Let k(c) = c**3 - 5*c**2 + 7*c + 12. Let o be k(3). Let m = 44 - 24. What is the highest common factor of m and o?
5
Let j(v) = v**2 + 3*v + 2. Let c be j(7). Suppose 0 = -3*n + c - 24. Suppose -n*t + 13*t = -57. What is the highest common divisor of t and 1?
1
Let o(t) = 102*t**2 - 6*t + 4. Let l = -556 - -557. Let u be o(l). Let a = 66 + -41. Calculate the highest common divisor of u and a.
25
Let n = 19809 - 8654. Calculate the greatest common factor of n and 460.
115
Let w = 902 - 472. Suppose w = -11*b + 3598. Suppose 39*t = 41*t - b. Calculate the highest common divisor of t and 24.
24
Suppose -281 + 4871 = 15*t. Suppose 36 - t = -2*o. What is the highest common divisor of o and 5?
5
Let y = -186 + 191. Suppose -x + 2093 = y*i, -2*i + 0*x = -3*x - 827. What is the highest common factor of 19 and i?
19
Let i(j) = -4*j - 5 + 1 + 3 + 12*j**2 + 3. Suppose -4*z = -2*g - 2, -g = 2*z - 18 + 15. Let w be i(g). Calculate the greatest common factor of w and 100.
10
Let h(o) = -o**3 - 24*o**2 + 33*o - 89. Let k be h(-26). Let t = k + -378. Suppose -7*y = -3*y - 72. What is the highest common factor of t and y?
9
Let o = 6207 - 5271. Calculate the greatest common factor of o and 216.
72
Let y be (530/40 + -8)*(-40)/(-3). Let z be (-1)/(-2)*8/2. Suppose 136 = 5*s - 2*t, -z*t - 2 = -s + 22. Calculate the highest common factor of s and y.
14
Let p(k) = k**2 - k**2 - k + 2*k**2. Let n be p(-1). Suppose 899*b = 921*b - 462. What is the greatest common factor of b and n?
3
Let k(v) = 23*v - 8. Let h be k(-10). Let z = h - -370. Let i be (-98)/(-8) + (-1)/((-12)/(-3)). Calculate the highest common factor of i and z.
12
Let q = -543 - -53. Let m be 7/(q/(-30)) + 81/7. What is the greatest common divisor of m and 4?
4
Let f = 28 - 18. Let c be 4*(8/(-12) + 15/9). Suppose c*o + 2 = 5*o. What is the highest common divisor of f and o?
2
Suppose -38 = -2*c - 5*s, 5 - 24 = -c - s. Let a = -118 + 78. Let v be (-912)/a*20/6. Calculate the greatest common factor of c and v.
19
Let p be 6/(-6 - 0)*-29. Suppose 0*n - 80 = -5*n - 5*a, a - p = -2*n. Calculate the highest common divisor of 104 and n.
13
Let j(d) = -9*d + 196. Suppose -2*q = q. Let c be j(q). What is the highest common factor of c and 56?
28
Suppose 0*d - 8*d = -168. Let c = 36 + -2. Suppose -c - 92 = -2*r. Calculate the greatest common factor of r and d.
21
Suppose -o - 11*b + 7 = -20, b - 49 = -3*o. Calculate the greatest common factor of 8232 and o.
8
Let h = -3461 - -3477. Let b be (-2)/3*-12 + 0. Calculate the highest common factor of b and h.
8
Let w be 4 + (-1 - -5) + 20/30*-3. Calculate the greatest common factor of 1362 and w.
6
Let u be 459/5 + (-6)/(-30). Suppose u = -10*r + 14*r. Let f = -916 + 939. What is the highest common factor of r and f?
23
Let s be (-1468280)/(-480) - 2/(-24). Calculate the greatest common factor of s and 1862.
133
Let n(t) = 20*t + 31. Let o be n(14). Let b = o - 299. What is the greatest common divisor of b and 324?
12
Let x(p) = -p**3 + p**2 + 1. Let z = -43 + 43. Suppose z = 3*q - 39 + 36. Let r be x(q). What is the greatest common divisor of r and 11?
1
Suppose -9*i + 30*i - 236854 - 6095 = 0. Calculate the greatest common divisor of 69 and i.
23
Let u be -16 + 26 - 8 - (-809 - 2). What is the greatest common factor of 12 and u?
3
Let g be (156 - 0) + -4*(-4)/(-16). What is the highest common factor of 1891 and g?
31
Suppose -b - 32 = -5*b. Suppose b*n - n = 476. What is the highest common divisor of n and 51?
17
Let n = 6297 - 6205. What is the highest common divisor of n and 1909?
23
Suppose 0 = 2*d + 5*m - 0 - 27, 0 = 3*d - m - 15. Let i be d*((3 - 0) + 1). Let o = i - 12. Calculate the greatest common factor of o and 4.
4
Suppose -47*n + 138*n = -12*n + 1030. Calculate the greatest common factor of 2686 and n.
2
Suppose -7*w = -10*w + 267. Let l be w - (0 + 0 + -1). Let s be ((-120)/(-42))/(2/7). What is the highest common factor of s and l?
10
Let y = 41 - 38. Suppose -3*k - 11 + 1 = f, 5*f + 20 = 0. Let l = k + 3. Calculate the greatest common divisor of l and y.
1
Let q = 15 + 22. Suppose 3*z + 3*n + 69 = 0, 7*z - 99 = 11*z - 3*n. Let t(j) = -2*j**2 - 62*j - 3. Let f be t(z). What is the greatest common factor of q and f?
37
Suppose -344*s = 553 - 1367 - 2626. Calculate the greatest common divisor of 2305 and s.
5
Let y(h) = -h**3 - h. Let p be y(-1). Suppose -2*o = p*o - 320. Suppose 236789 - 236517 = 17*r. Calculate the highest common divisor of o and r.
16
Let n be (9 + -2 - 3)*(-16 - -17). Suppose -15*g + 74 = 14. What is the greatest common divisor of g and n?
4
Suppose -4*p + 7*p - 5*v = 1392, 460 = p - 3*v. Let u = -732520 + 732527. What is the greatest common divisor of p and u?
7
Suppose -7*r + 32 = -h, -41*r + 204 = 3*h - 37*r. Let o(k) = 29*k - 1. Let p be o(-3). Let b = -49 - p. Calculate the greatest common factor of b and h.
13
Let h be (-598)/(-18) - (-1 - 11/(-9)). Let r = h - 30. Suppose 0 = j + 5*b - 41, -2*b + 87 = r*j + b. Calculate the highest common divisor of j and 78.
26
Let l = -572 - -1381. Suppose 2*h - 258 = 2*i, -3*i - l = -5*h - 162. Let b = h + -108. What is the highest common factor of b and 66?
22
Let s(a) = 5*a - 26*a + 9 + 0. Let d be s(-9). Suppose 3*q - 5*i - 44 = 0, -3*q + 2*i - 1035 + 1112 = 0. Calculate the highest common divisor of q and d.
33
Let b(f) be the second derivative of 0 - 13*f**2 - 19*f - 1/2*f**3. Let x be b(-15). What is the highest common divisor of x and 19?
19
Suppose -85489*i + 85528*i = 312. Let a be 10/(-4) + 2/(-4). Let x be a/(-3) + 7*1. What is the greatest common factor of x and i?
8
Suppose 0 = 4*d - 340*m + 341*m - 155, -4*m + 8 = -d. Suppose 4*v - 561 = 5*i, -5*i + i = -4*v + 564. What is the greatest common factor of d and v?
36
Let r be 45/100*4 - 5/100*-4. Calculate the greatest common divisor of 94 and r.
2
Let g(a) = -a**2 + 19*a - 109. Let p(y) = y**2 - 19*y + 108. Let w(f) = 3*g(f) + 4*p(f). Let j be w(10). Calculate the highest common factor of 6 and j.
3
Let s be 17*19 - (-127)/(-254)*2*-1. Calculate the greatest common factor of 2556 and s.
36
Let p = 5377 + -2187. Calculate the greatest common factor of p and 116.
58
Suppose 14*p = 11*p + 6. Suppose -5*n = 5*o - p*o - 192, 5*o + 5*n = 320. What is the greatest common factor of 288 and o?
32
Let w(z) = -z**3 + 7*z**2 - 4*z + 6. Let q be w(6). Let l = -121 - -197. Let d be (-8)/l - (-1144)/38. Calculate the highest common divisor of d and q.
6
Suppose -13*x - 265 + 31 = 0. Let o be x/21 - 1044/(-42). Calculate the greatest common divisor of o and 3.
3
Suppose 2406 - 1686 = 10*m. Suppose 32 = u + u. What is the highest common divisor of m and u?
8
Let o be (-154)/4*3880/(-679). Suppose 5*g - 104 + 4 = 0. Calculate the greatest common divisor of g and o.
20
Let f(q) = -q**3 + 17*q**2 + 11*q + 23. Let y be f(17). Suppose -156 = -5*d - 2*x, -6*d + 45 = -5*d + 5*x. Calculate the greatest common factor of d and y.
30
Suppose 19*s - 20*s - 23624 = -3*y, 0 = -y + 5*s + 7870. Calculate the highest common divisor of y and 63.
63
Let n be ((-4)/(-3))/((-218387)/8736 + 25). Calculate the highest common factor of 6496 and n.
224
Let z be -3 - (687/(-3) - -4). Suppose -4*p - 3*f + 345 = 28, 3*f + z = 3*p. Let w(c) = -2*c - 3. Let b be w(-5). What is the greatest common factor of b and p?
7
Suppose -14*f - 182 = -3*h - 10*f, h = -5*f + 48. Suppose -73 = -3*x - h. What is the highest common divisor of x and 185?
5
Suppose 28*u - 31*u - 471 = 0. Let p = u + 195. Calculate the greatest common factor of p and 95.
19
Suppose t + 104 = 2*t - 3*o, t + 2*o - 84 = 0. Let d = 33580 - 33557. What is the greatest common factor of d and t?
23
Let r(u) = -2*u**2 - u + 8. Let p be r(0). Let n be -1*(4 + 0) + p. What is the greatest common factor of 4 and n?
4
Let m be (1 - -1)*18/12 + (-5185)/(-61). What is the highest common divisor of 928 and m?
8
Suppose 71*r = 129*r - 79170. What is the greatest common divisor of r and 42?
21
Suppose -4*f = -2*f - 4*f + 384. Calculate the greatest common divisor of 60 and f.
12
Let h(v) = -18*v**2 - 619*v + 171. Let a be h(-32). What is the highest common factor of a an